Determine o(k).
11
Let c(l) = l**3 + 5*l**2 - 8*l - 3. Let z(o) = -o**3 + 13*o**2 - 22*o - 7. Let b be z(11). Let p(s) = 2*s + 23. Let u be p(b). Let a = 3 - u. Give c(a).
9
Let g(x) be the third derivative of -x**5/60 + x**4/8 - 5*x**3/6 - 49*x**2 - 4*x. Suppose 7 = -y + i + 2*i, 0 = y - 4*i + 11. Calculate g(y).
-15
Let f(x) = -5*x - 3. Let y(q) = 6*q + 4. Let b(h) = 3*f(h) + 2*y(h). Let k be 22/(-33) - (5/(-3) - -3). Let c be (-5)/k - (-49)/(-84)*6. Calculate b(c).
2
Let p(z) be the second derivative of 2*z**4/3 + z**3/6 + z**2/2 - 9*z. Let x = -285 + 283. Give p(x).
31
Let b(z) = 11*z**2 - 55*z - 23. Let d(r) = -5*r**2 + 25*r + 9. Let f(s) = 4*b(s) + 9*d(s). Determine f(10).
-61
Let w(v) = 0 - 1 + 2 - 7*v. Suppose 66*f + 594 = 206*f - 106. Calculate w(f).
-34
Let y = -19 - 12. Let d = 33 + y. Let s(b) = -b**d - 6 + 0*b + 8*b + 0*b**2. What is s(5)?
9
Let n(b) = 8*b**2 + 1. Let d(o) = -17*o**2 - 2*o - 1. Let v(u) = -2*d(u) - 5*n(u). Suppose -22 = -17*x + 12. Determine v(x).
-19
Let y(n) = -n**3 - 8*n**2 - 10*n - 17. Let k(j) = -8*j + 9. Let z be k(2). What is y(z)?
4
Let a = -17079 - -17075. Let h(v) = 2*v**3 + 7*v**2 - 15*v - 39. Give h(a).
5
Let d(c) = -c**3 - 9*c**2 - 7*c + 9. Suppose 11661 = -10*k - 13*k. Let t = k - -499. What is d(t)?
1
Let m = -216 + 787. Suppose 0 = -5*x - 3*z + 581, -m = -4*x - x + 2*z. Let y(l) = 106 + l**3 - x + 0*l**3. What is y(0)?
-9
Let w(d) = d**3 - d + 1. Let x(f) be the second derivative of 7*f**5/20 - f**4/3 - f**3/3 - f**2/2 + f + 72. Let k(i) = -6*w(i) + x(i). What is k(4)?
9
Let y(k) be the second derivative of -k**8/6720 + k**7/1260 - k**6/240 + k**5/60 + 62*k**4/3 + 282*k. Let x(i) be the third derivative of y(i). Calculate x(2).
-4
Let j(u) = -u**2 - 1. Let g = -34 - -36. Let y be ((-6)/9)/(g/(-3)). Let f(i) = 2*i**2 - i + 13. Let z(l) = y*f(l) + 3*j(l). Give z(0).
10
Suppose 0 = m - 5*f + 3*f, f = 2*m - 15. Let b(l) = -404*l + 10*l**2 + 4*l**3 + 401*l + 11 - 5*l**3. Determine b(m).
-19
Let q be (-246)/(-12) + ((-54)/12 - 0 - -3). Let g(r) = r**2 - 8*r - 193. Calculate g(q).
16
Let q(s) = -s**2 + 13*s + 102. Let i be q(-21). Let v = i - -612. Let m(f) = f**2 + 0*f + 4 + 0*f. Determine m(v).
4
Let o(x) = 3*x. Let a(u) = -15*u**2 + 2*u + 8. Let d(k) = -7*k**2 + k + 4. Let i(z) = -6*a(z) + 13*d(z). Let s be i(2). Suppose -8*n = s*n - 10. What is o(n)?
3
Suppose -3*c - 4*t = -1215, -76 + 1309 = 3*c - 2*t. Let r = 399 - c. Let v(q) = q. Calculate v(r).
-10
Suppose -c = -q + 2, 19*q - 17*q - 5*c = 1. Let p(a) = 8*a + 2*a - 10*a + q*a + 11. Calculate p(-6).
-7
Suppose 33*m - 107 = 124. Let y(z) = z**3 + 60*z - 54*z - 8*z**2 - 2 + 6. Give y(m).
-3
Let d = -147 + 115. Let m = d - -32. Let z(f) = f - 8. Determine z(m).
-8
Let b = -8 + 13. Let f(l) be the first derivative of 10 - 6*l + 5/3*l**3 + l**2 - 1/4*l**4. Calculate f(b).
4
Let s(y) = -8*y**2 + 25*y - 8. Let b(o) = -10*o**2 + 28*o - 6. Let c(a) = 4*b(a) - 6*s(a). Give c(4).
0
Let h(k) = -k + 6. Let f(s) = 1 + 13*s**3 - 4*s**2 - s + 0 + 0 - 15*s**3 + s**3. Let o(t) = t. Let z be o(-3). Let u be f(z). Determine h(u).
11
Suppose 5*c = -k + 22, 2*c = 70*k - 68*k + 16. Let j(d) = 2*d**3 + 6*d**2 + 4*d + 2. Determine j(k).
-10
Let u(i) = 2493*i + 2513*i - 4733*i - 63 - 4*i**2. What is u(68)?
5
Let q(t) be the third derivative of t**5/60 + t**4/12 - 13*t**3/2 + 6*t**2 - 104*t. Give q(0).
-39
Let p(o) = -22*o + 12*o + 20 - 8 + 9*o. What is p(-9)?
21
Let f(i) be the third derivative of -i**6/120 - i**5/10 + i**4/3 - i**3/2 - 1519*i**2. Determine f(-8).
61
Let h(o) = 2*o + 1. Suppose -d = 2*r - 4, d - 3*r = -7*r + 10. Let a be d/7 - (-540)/(-315). What is h(a)?
-3
Let a(h) = -h**3 - 7*h**2 - 6*h - 3. Let v be 2/4 - (-423)/(-6). Let n = -2770 - -2706. Let t = v - n. Determine a(t).
-3
Let s(z) = -10*z**3 + 242*z**2 - 48*z + 11. Let h be s(24). Let y(f) = -6*f + 41. Determine y(h).
-25
Let s(r) = -30*r + 2. Let q = 12228 - 12225. Determine s(q).
-88
Let n(d) = -d**3 + 3*d**2 + 3*d + 2. Suppose 0 = 20*z - 10*z + 20. Let y be ((-44)/33)/2*15/z. Determine n(y).
-33
Let j(h) = -h**3 + 15*h**2 - 14*h - 9. Suppose 17*b + 128 = 26. Let w be (-5)/(30/9)*56/b. Give j(w).
-9
Let c = 3193 - 3193. Let u(i) be the third derivative of -i**6/120 + i**5/60 + i**4/24 - i**3/3 - 7*i**2. Give u(c).
-2
Let i be (-34)/85 - (-5 - (-186)/60)*-4. Let j(r) = r**3 + 10*r**2 + 17*r + 18. Determine j(i).
10
Suppose -w - 24 = z, 4*w = -z + 45 - 126. Let p(n) = n**3 + 20*n**2 + 19*n + 2. What is p(w)?
2
Let g(x) = 2*x - 24*x - 2*x**2 + 0*x + 7*x - 5. Let h be g(-7). Let d(o) = 1 - o + 0 - h. Determine d(-8).
7
Let w(a) = 7*a**2 + 70*a + 10. Let n(m) = 13*m**2 + 125*m + 19. Let j(y) = 6*n(y) - 11*w(y). Determine j(16).
-60
Let s(q) = q**2 + 10*q - 11. Let d be 18/12*1552/24. Suppose -46*y = d + 271. Determine s(y).
-27
Let f be (-27)/63*-7 + -9. Suppose -4 = 4*t - 12. Let h(o) = o**2 - 2*o**2 + 1 + t*o**2 + 4*o. Calculate h(f).
13
Let s(f) be the third derivative of f**6/120 - f**5/10 - 2*f**4/3 + 3*f**3/2 - 9*f**2 + 65*f - 1. Determine s(8).
9
Let z(s) = -517*s**2 - 12 + 1064*s**2 + s**3 - 541*s**2. Give z(-8).
-140
Let j be (-48)/18*(-57)/(-2). Let b be -4*9/(-108) + j/(-6). Let f(w) = -w**2 + 12*w + 10. Calculate f(b).
-3
Let l = -2 + -3. Let k(v) be the second derivative of -v**5/20 - 5*v**4/12 + v**3/6 + v**2/2 - 84*v - 2. Give k(l).
-4
Let y(p) = p**3 - p**2 + p - 4. Let d = -205 + 93. Let s = d - -115. Calculate y(s).
17
Let f = -25 - -17. Let o = 14 + f. Let s(z) = z**2 - 5*z**3 + 6*z - 4 + 2*z**3 + 2*z**3 - 3 + 4*z**2. Determine s(o).
-7
Let z(c) be the second derivative of c**3/6 - 19*c**2/2 + 16*c + 15. What is z(11)?
-8
Suppose -94*v + 103*v - 36 = 0. Let f(m) = 2*m - v*m + 5*m - 4 - 2*m + 7. Determine f(-9).
-6
Let t(b) be the second derivative of 1/20*b**5 + 12*b**2 - 8*b - 1/6*b**3 - 2 + 1/12*b**4. Suppose -3*m + 6 = 5*k, -3*m + 4*m = 2*k + 2. Determine t(k).
24
Suppose 6*v - 16 = 2*v. Suppose 3 = -i - v*t + 12, -4*t = 2*i - 6. Let j(s) be the second derivative of -s**3/6 + 3*s. Determine j(i).
3
Let t(b) = 652*b - 20. Let r(v) = -301*v + 9. Let w(i) = 13*r(i) + 6*t(i). Determine w(-7).
4
Let h(d) be the first derivative of -d**4/4 + 11*d**3/3 - 6*d**2 + 14*d + 130. What is h(10)?
-6
Let p(g) = 70*g - 56. Let v(w) = 25*w - 17. Let s(i) = -6*p(i) + 17*v(i). What is s(-9)?
2
Let o(r) = 3*r - 4. Let a(u) be the first derivative of u**2/2 - 9*u + 79. Let m be a(12). Determine o(m).
5
Let a(g) = g**2 + 5*g + 2. Let q(v) = 6*v**2 - 23*v - 8. Suppose 4*j = 44 - 28. Let h be q(j). What is a(h)?
-2
Let v(d) = d**2 + 11*d. Let w(u) = -14 - 5*u + 124 + 3*u + 19*u. Let n be w(-7). Give v(n).
-18
Let i(d) = d**3 - 9*d**2 + 8*d. Suppose -30*j = -35*j + 65. Suppose -2*u - 46 = -y - j, -5*y + 21 = -2*u. Let f be (2 + -1)*(-9)/(u/16). Determine i(f).
0
Let x(k) = 164*k - 1809. Let i be x(11). Let v(h) = -16*h - 5. Calculate v(i).
75
Let y = -30 - -6. Let c be 37/(-2) - 90/60. Let u be (y/c)/((-2)/(-10)). Let v(j) = -j**3 + 7*j**2 - 6*j + 6. Calculate v(u).
6
Let m(g) = -g**3 - 8*g**2 + 4*g + 1. Let x(z) = z**2 - z + 1. Let s(r) = -m(r) - 4*x(r). Let h = -27243 - -27239. Determine s(h).
-5
Let u(m) = 6*m - 12. Let h(c) = 3*c - 6. Let k(o) = -5*h(o) + 3*u(o). Let p(r) = 94 - r**3 - 54 + 4*r**2 + 4*r - 52. Let f be p(4). Determine k(f).
6
Let p = 1688 - 1683. Let s(x) be the third derivative of -1/120*x**6 + 8*x**2 + 0*x + 0 + 1/10*x**5 - 7/24*x**4 + 7/6*x**3. Calculate s(p).
-3
Suppose -5*n - 5*o = 5, -3*o - 13 = -n + 2. Let t(i) = n*i - 5*i + 8*i + 4 - 6. Let c be 1 - 0 - 1/(-3 + 2). Determine t(c).
10
Let q(c) = 6*c - 48. Let w be q(11). Let m(p) = -p + 23. Let t be m(w). Let u(z) = -3 + 0*z + t*z**3 - 5*z**2 + 2*z + 5*z**3 - 9*z**3. What is u(3)?
-15
Suppose m = 4*x - 33, 0 = -5*x + x + 5*m + 53. Let r(v) = -x*v + 14 - 35 + 19. Give r(3).
-23
Let n(s) = -s**3 - 13*s**2 - 37*s + 4. Let x(a) = -2*a**3 + 6*a**2 + 3*a - 23. Let f be x(2). Calculate n(f).
13
Let v(d) = d**3 + 3*d**2 + 2*d + 4. Let i(x) = -19*x**2 - x - 1. Let y be i(-1). Let c = -17 + 1. Let s = y - c. Give v(s).
-2
Let k(l) = l**2 + 9*l + 17. Let v(s) be the second derivative of -s**4/6 + 19*s**3/6 + 42*s**2 + 151*s - 1. Let t be v(13). What is k(t)?
3
Let g(s) = -s**2 - 12*s - 8. Let b(i) = 5*i - 96. Let p be b(23). Suppose -a 